v(m)?
7
Suppose 4*s - 1339 = -2*f + 475, 2*f - 449 = -s. What is the remainder when s is divided by 38?
37
Let f(y) = 23*y**3 + y**2 + 7*y - 19. What is the remainder when f(2) is divided by 23?
22
Let u = 17 - 13. Suppose 3*r - 4 = -2*a, u*a + r - 16 = -r. Calculate the remainder when a is divided by 3.
2
Let w be (2/3 - (-154)/(-42)) + 3. Suppose 4*z - 5*s - 462 = w, 5*z = -2*s + 510 + 84. Calculate the remainder when z is divided by 24.
22
Let p(i) = 2*i**2 + 5*i - 8. Suppose 0 = 2*f + 2*j - 4, 2*f = 5*f - 4*j - 13. What is the remainder when p(-4) is divided by f?
1
Let g(x) = x**3 + 10*x**2 - 24*x - 8. Let a be g(-12). Let m(l) = l**2 + l - 1. Calculate the remainder when m(a) is divided by 114/4*(-4)/(-6).
17
Let a = 98 + -66. Calculate the remainder when (1*2)/((-2)/(-94)) is divided by a.
30
Let s = -109 + 248. What is the remainder when s is divided by 8?
3
Let l = -18 - 31. Let v = -31 - l. What is the remainder when 53 is divided by v?
17
Let t(z) = z**2 + 5*z - 3. Let l = 13 - 20. Let s be t(l). Suppose x + 0*x = s. What is the remainder when 32 is divided by x?
10
Let j(w) be the third derivative of w**6/120 - w**5/12 - w**3/2 - 5*w**2. Let s be j(5). What is the remainder when -1 + 38 + 3 + s is divided by 10?
7
Suppose -4*d - 111 = -3*z, -d + 2*z + 1 = 7*z. Let b = -65 + 98. What is the remainder when -39*-4*(-20)/d is divided by b?
31
Let x = -4 - -20. Suppose t + 57 = g, -6 = 2*g + 3*t - 140. Calculate the remainder when g is divided by x.
13
What is the remainder when 65 is divided by 106/10 - -2*2/10?
10
What is the remainder when 24 is divided by 21 + -9 + 1 + (-7 - -11)?
7
Let l = 92 - 85. Calculate the remainder when 284 is divided by l.
4
Let g(x) = -x**3 - x**2 + 4. Let v be g(0). Suppose -d - v = 2. Let f(a) = a**3 + 6*a**2 - a + 8. Calculate the remainder when 39 is divided by f(d).
11
What is the remainder when 7/(385/9085) + 8/(-44) is divided by 12?
9
Suppose -3*m + 5*w + 28 = -2*m, 12 = 4*w. Let s = 74 - m. What is the remainder when 184 is divided by s?
29
Suppose -14 = -4*y + 3*y. Suppose 3*d = -y - 13. Calculate the remainder when 10 is divided by d*(8/12 + -1).
1
Let g(y) = 2*y**2 - 11*y - 34. What is the remainder when 32 is divided by g(-3)?
15
Suppose 6*t - 173 = 799. Suppose 5*r = -r + t. What is the remainder when r is divided by 10?
7
Suppose -n = -4*n + 552. Let g = n - 36. Calculate the remainder when g is divided by 30.
28
Suppose 13*h + 160 = 23*h. Suppose 6*g - g = -4*d + 60, 4*g = 0. Let p = h - d. Calculate the remainder when p is divided by 1.
0
Let q be (363/6)/(3/(-6)). Let y = -69 - q. Suppose 2*o = -2*o + y. Calculate the remainder when 38 is divided by o.
12
What is the remainder when 109 is divided by (-19920)/(-528) + 6/22?
33
Let b(l) = -l**3 - 22*l**2 - 43*l - 1. Let k be b(-20). Let t = k - 52. What is the remainder when 3/4 - 644/(-16) is divided by t?
6
Suppose 80*n + 183 - 1783 = 0. What is the remainder when 86 is divided by n?
6
Let z(j) be the third derivative of j**4/3 + j**3/3 - 13*j**2. Let p(g) = -3*g**3. Let k be p(-1). Calculate the remainder when z(k) is divided by 14.
12
Let p = -308 + 429. What is the remainder when p is divided by 43?
35
Let v = 1777 + -1767. Suppose -2*j + 3*j = 56. Suppose -56 = -2*m - 5*h, -2*m + 2*h + j = -2*h. What is the remainder when m is divided by v?
8
Suppose 36*l = l + 315. Let p = -2 - -12. Calculate the remainder when p is divided by l.
1
Let b = -130 - -167. Calculate the remainder when 68 is divided by b.
31
Suppose -5 = 4*v + v. Let i be 1 + (4 - 0/v). Suppose -y - t = -24, i*y + 4*t - t = 110. What is the remainder when 36 is divided by y?
17
What is the remainder when 29 is divided by -3*(-6)/(-12)*32/(-6)?
5
Suppose 0 = 4*n - 3 - 17. Let r = 0 - n. Let k(h) = -h - 3. What is the remainder when 2 is divided by k(r)?
0
Let v = -4 + 12. Calculate the remainder when (2 - 1)/(-5*3/(-390)) is divided by v.
2
Suppose -19*y + 261 = 10*y. Calculate the remainder when 1248 is divided by y.
6
Let m(q) = 9*q + 74. What is the remainder when m(5) is divided by 16?
7
Let n be (1 - (-5)/(-2))*-4. Let g(r) = 10*r + 6. Let u(h) = 37*h + 18. Let d(x) = -7*g(x) + 2*u(x). Calculate the remainder when 33 is divided by d(n).
15
Let z(i) = -i**2 - 5*i + 16. Let y be z(-7). Suppose y*k - 25 = -3*k. What is the remainder when 19 is divided by k?
4
Suppose -3*v = -2*v - 20. Let q(u) = -u**3 + 5*u**2 + u + 3. Let n(j) = -11*j - 6. Let f be n(-1). Calculate the remainder when v is divided by q(f).
4
What is the remainder when 190 is divided by ((-2120)/(-32))/(35/56)?
84
Suppose 3*j = -5*t + 10, -7*t - 5 = -2*t. Suppose -4*r = -9*r + j. What is the remainder when 58 is divided by r/(-3) + 854/42?
18
Let m(c) = -2*c + 9. Let k = 14 - 5. Calculate the remainder when m(-11) is divided by k.
4
Let s be 19/3*-3 + 1 + -2. Calculate the remainder when 37 is divided by 3/(6/(-7))*s/7.
7
What is the remainder when 155 is divided by (131 + 3)*(-3)/(-6)?
21
Let h(z) = z**3 + 10*z**2 - 30. Calculate the remainder when h(-6) is divided by 40.
34
Suppose -3*i + 34 - 9 = 2*p, -5*p + 71 = -i. Let t be (-412)/(-5) + -4 + 18/5. Suppose -3*r = 10 - t. Calculate the remainder when r is divided by p.
10
Let r(d) = d**2 + 1. Let g(u) = 7*u**2 + 11*u + 7. Let l(q) = g(q) - 5*r(q). Calculate the remainder when l(-9) is divided by 23.
19
Let b = 458 - 417. Calculate the remainder when b is divided by 14.
13
Suppose -22*p + 2603 = -1159. What is the remainder when p is divided by 52?
15
Calculate the remainder when 3/(-2) + (-341)/(-22) is divided by 5.
4
Suppose -6*n + 74 = -5*n. Let k(m) = -m**3 + 9*m**2 - 2*m - 9. What is the remainder when n is divided by k(8)?
35
Let n(k) = -5*k**2 - 369*k + 118. Let c = 31 - 15. What is the remainder when n(-74) is divided by c?
12
Suppose 3*q - 5*j - 190 = 0, -58 = -q - 3*j + 6*j. What is the remainder when 833 is divided by q?
63
Let j(o) = -o**2 + 23*o - 45. Calculate the remainder when 1034 is divided by j(5).
44
Suppose 3*v + v = -56. Let t = 5 - v. What is the remainder when 56 is divided by t?
18
Let q be -1 - 7*(-4 + -3). Suppose 3*x = -r - 2*r + q, x = 1. Suppose -5*d + r = -0*d. What is the remainder when 12 is divided by d?
0
Let j(c) = -c**3 - 8*c**2 - 8*c + 3. Let t be j(-7). Suppose 10 + t = 2*g. Calculate the remainder when g is divided by 4.
2
Let t(u) = -5*u + 2. Calculate the remainder when t(-10) is divided by 19.
14
Suppose 19 - 3 = k. Let p = -12 - -15. Suppose -p*o - 74 = -257. What is the remainder when o is divided by k?
13
Let q be 3/5 + 7976/40. What is the remainder when 47 is divided by (q/(-12))/((-4)/6)?
22
Suppose 2*j + 2*w + 0*w = 96, 2*w - 48 = -j. Suppose 4*y - 3*y = 85. Let q = y - 60. Calculate the remainder when j is divided by q.
23
Suppose 247*g - 209*g = 646. Calculate the remainder when 172 is divided by g.
2
Let p(q) = q**2 + 4*q - 3. What is the remainder when 139 is divided by p(-7)?
13
Let c(u) = 2*u**3 - 3*u**3 + 7*u**2 + 12 + 327*u - 333*u. What is the remainder when c(6) is divided by 5?
2
Suppose -186 = -11*i + 8*i. What is the remainder when 120 is divided by i?
58
Suppose 4*p + 2*j - 57 = -3*j, 0 = -4*j + 4. Let o = p - -5. Calculate the remainder when 88 is divided by o.
16
Let x(z) = -12*z**3 + 3*z**2 + 2*z + 1. Let s = -37 + 64. Calculate the remainder when s is divided by x(-1).
13
Let r be 0/((-1)/((-2)/(-4))). Suppose r*g + 11 = g - 2*l, g = l + 9. Calculate the remainder when 0 - -3 - (-7 - 12 - -3) is divided by g.
5
Suppose -55*k = 5*l - 53*k - 2509, -5*k = -10. Calculate the remainder when l is divided by 84.
81
Let d = -41 - -68. Suppose 5*k - 3*y - 66 = 0, -2*k + y = -0*k - d. What is the remainder when k is divided by 5?
0
Let k(w) = -w. Let p(u) = 5*u + 8. Let a(h) = 5*k(h) - p(h). Let j = 27 + -6. What is the remainder when a(-9) is divided by j?
19
Suppose -5*o + 19 = 2*j, 3*o + 34 = 5*j - 29. Suppose -2*v = -8, -2*s + 6*s - v = j. Suppose -s*w = -3*w - 13. Calculate the remainder when w is divided by 5.
3
Suppose 2*f + u = 312, -144 + 922 = 5*f + 2*u. What is the remainder when f is divided by 53?
48
Calculate the remainder when -1 + 2/(1/1) is divided by ((-1)/(-2))/(3/2 - 1).
0
Let c = -18 + 34. Suppose -4*u - 4 = -8. Calculate the remainder when u - (2 + 0) - -64 is divided